0
0
What is 4 - (4 + 1) - -3?
2
What is 10 + (-2 - -7) + 2 + -10?
7
Calculate -5 + -5 + 7 - (-4 - 3).
4
What is (0 - -3) + -9 + 5?
-1
Evaluate 0 + 3 + -5 + 3 - 4.
-3
2 - -1 - (1 - 0)
2
What is the value of 3 + (-3 - (5 + -3))?
-2
Evaluate 1 + 0 + -3 - (-6 - 1).
5
What is 19 - 14 - (-2 - 0)?
7
What is the value of -11 + -1 + 29 + -10?
7
Evaluate -24 + 30 + -1 + -1.
4
What is the value of 7 + -16 + 6 + 7?
4
What is 4 + 0 + 1 + -6 + 5?
4
Calculate 1 + (6 - -3) + -17.
-7
What is the value of -5 + (-3 - -22 - 11)?
3
-2 - -10 - (22 + -1 + -3)
-10
2 + -15 + (2 - -5)
-6
1 - (7 + 0) - (118 + -119)
-5
-5 - (-1 + 2 + (-15 - -7))
2
Evaluate (8 + -5 - 13) + 8.
-2
What is 4 + (-5 - (-2 - -3))?
-2
-1 - 12 - ((7 - 7) + -7)
-6
2 - (4 + (3 - (5 + -1)))
-1
2 - (3 + (-16 - -5))
10
8 + -2 + 23 + -26
3
Evaluate 0 + -2 + 13 - 2 - 4.
5
Calculate -9 - -4 - 1 - 1.
-7
-1 - 2 - (29 - 30)
-2
What is (-8 - -2) + -1 - -2?
-5
What is the value of 8 + -5 + 6 + 1 + -5?
5
Calculate -5 - 2 - (-1 - 1).
-5
What is the value of 20 + -5 - (-7 + 11)?
11
Evaluate 12 - (-9 + 14) - 0.
7
What is -1 - -7 - (8 - 5)?
3
Calculate 4 - (4 + -1 - -6).
-5
Evaluate -3 - (7 - (6 - -1)).
-3
What is the value of 229 + -234 + (14 - 0)?
9
What is -2 - 0 - -6 - (1 - -3)?
0
What is -5 + 12 + -9 + -3?
-5
5 + (-21 - -13 - (-1 + 1))
-3
1 + -4 + 8 + (4 - 4)
5
What is the value of (8 + -8 - -3) + -6?
-3
Evaluate -7 - (-6 + 3 + -7).
3
What is 3 - 2 - 2 - (-2 - 1)?
2
Evaluate (1 - (-4 + 3)) + 4 - 4.
2
Evaluate 5 - (-1 + 3 + 2).
1
What is -11 - (1 + -8 - -1)?
-5
Evaluate 0 + (3 - (4 - (-3 + 1))).
-3
What is the value of (-6 - -12) + (-1 - 1) + -7?
-3
Evaluate 0 + (-2 - -5 - 2).
1
What is (-1 - (-1 + -1)) + -25 + 25?
1
(-8 + 16 - -3) + -7
4
Evaluate (-14 - (0 - 7) - -13) + -4.
2
Evaluate 0 + (-9 - (-9 - -2)).
-2
Calculate -6 + 1 - 1 - (5 - 11).
0
Evaluate 7 + -17 + 2 + 3 + 1.
-4
0 + (4 - (-4 + 7))
1
4 - (4 + (-6 - -1))
5
-4 + 7 + 2 + -9 + 1
-3
What is the value of (10 - 5) + -5 - -1?
1
(3 - 6) + (4 - (-1 - -2))
0
-5 - (-1 + -2 + 3)
-5
-5 - ((0 - 11) + 8)
-2
Calculate 0 + -4 + (5 - (-4 - -5)).
0
Evaluate (10 + -5 - 2) + -4.
-1
What is the value of -4 + 2 + 2 + 2?
2
Evaluate 1 + -1 + (-18 - -22) - 0.
4
What is the value of (9 - 4) + -2 + (1 - 2)?
2
Evaluate -12 + 9 + (1 - -4) + 2.
4
What is the value of -7 + (-5 - (-7 + -1) - -1)?
-3
Evaluate 1 + 8 + -8 + 3.
4
Evaluate 8 + (3 - 9 - 7).
-5
What is 15 + -13 + -3 + 0 + 0?
-1
What is the value of -3 + 1 - (18 + -16)?
-4
What is (5 - (-5 + 8)) + -5?
-3
Evaluate -3 - 1 - (-4 - -5).
-5
What is the value of 1 - ((6 - 19) + 6 - -11)?
-3
What is the value of -3 + -3 + 7 - 3?
-2
Calculate 6 - ((-8 - -7) + (-1 - -3)).
5
-9 + 9 - (2 - (0 - -3))
1
What is -7 + (6 - (0 + 5))?
-6
Calculate 4 + (14 - 11 - -2).
9
Evaluate 0 + (-3 - -1) + 6.
4
Calculate 3 + -2 + -9 + 4.
-4
Calculate ((-2 - -12) + -5 - 6) + 2.
1
What is the value of -6 + (4 - 8 - -4) - -2?
-4
What is -2 - -6 - (9 - (2 + 4))?
1
What is -1 + -4 - (-28 - -24)?
-1
What is the value of 6 + -2 + -8 + 4?
0
What is (3 - (10 - -1)) + (16 - -2)?
10
(3 - 3) + (1 - 1 - 3)
-3
Calculate 66 + -61 + (2 + -12 - -2).
-3
Calculate -4 - (-6 - (-6 - (-5 - 1))).
2
Calculate (-9 - -1) + (-1 - -7).
-2
8 + -2 + -7 + (3 - 0)
2
Evaluate -4 + 3 + 4 + -2.
1
What is the value of 5 + -1 - ((-2 - -9) + 1)?
-4
Calculate -1 - (-1 - (-5 - -2 - -4)).
1
Calculate 10 + 0 - (-7 + -9 + 21).
5
0 + (-3 - 1) + 6
2
2 + 3 + (1 - 4 - 3)
-1
What is 2 + -2 + -1 - (2 - 0)?
-3
(-6 - -6) + 3 + -1
2
What is the value of -12 - (9 - (-7 - -23))?
-5
What is the value of (11 - 31) + 6 - -5?
-9
What is -5 + -1 + 12 + (14 - 13)?
7
Calculate -49 - -64 - (-1 + 8).
8
Calculate 7 - (-5 - -5) - 10.
-3
Evaluate 1 + 2 + -2 + (54 - 58).
-3
What is the value of 5 - ((-3 - -4) + 9)?
-5
-4 + -3 + 1 + 4
-2
What is 12 + -5 + 7 + -4 + -7?
3
Evaluate 2 + -1 + -1 - 0 - 3.
-3
Evaluate (-2 + 4 - 2) + (14 - 10).
4
Evaluate -9 - (2 + -1 + -13).
3
Calculate -2 + 1 + 0 + (-7 - -9).
1
Calculate -1 + 7 + 2 + -3 + -1.
4
4 + (-3 - 2 - -2) + 4
5
Evaluate 2 - -4 - (10 + -5 + -3).
4
What is the value of 0 + (2 - (-2 - -8)) + 7?
3
Evaluate (-2 - -5) + -4 + -4 + 7.
2
Evaluate 10 + 3 + 0 + -7.
6
What is the value of (-3 - 1) + -1 + 2?
-3
1 + (2 - (1 - -5))
-3
(-1 - 1) + (1 - (-4 + -2))
5
8 + -8 - ((0 - -14) + -4)
-10
What is the value of 1 - ((5 - 4) + -5)?
5
(3 - (0 - 0)) + (-5 - -3)
1
What is 0 - (6 - (5 - -4))?
3
Evaluate 5 + -20 + 25 + (0 - 5).
5
Evaluate 13 + -6 + (9 + 0 - 8).
8
Calculate 1 + (2 - -1 - 2) + -1.
1
What is (3 - 0 - (-20 + 27)) + 0?
-4
What is the value of 1 - -1 - (1 + 1 - 0)?
0
What is the value of 1 + (0 - 2) - 2?
-3
What is the value of 4 + -3 + 5 + -13?
-7
(5 - (10 - 2)) + 3
0
Calculate -3 + -1 + 4 + 0 + 0.
0
-2 + -1 + 3 + -2
-2
Calculate (-5 - (0 - 4 - 10)) + -2.
7
Evaluate 0 + -6 - -5 - -6.
5
4 + ((3 - 10) + 4 - 0)
1
(-6 + 2 + 5 - -4) + -8
-3
What is the value of 11 - (7 + 7 - 7)?
4
What is (-1 - 3) + (0 - 1) - -2?
-3
What is (3 - -10) + -23 - -7?
-3
(-5 - (0 - -4 - -1)) + 3
-7
Calculate 1 - -2 - (1 + 0) - 0.
2
What is (2 - -1) + (1 - 2 - -3)?
5
What is the value of (-2 - (-10 + 8)) + -7?
-7
Calculate -1 - -4 - 0 - (-7 - -9).
1
What is the value of 2 - -3 - (2 + -4) - 3?
4
(-6 + -1 + 13 - 9) + 3
0
Calculate 6 + (-2 + 3 - (2 + 0)).
5
3 - ((-4 - -4) + 4)
-1
What is the value of 7 - (2 - (-3 - -3))?
5
Calculate -4 + -3 + (4 - -1 - 4).
-6
What is (-5 - (-2 - 4)) + 7 + -3?
5
Calculate 9 + -4 - (3 + -3 + 2).
3
Evaluate (99 - 105) + 0 + 6.
0
(3 - -1) + -9 - -4
-1
What is the value of 4 + -8 - -5 - (4 - 5)?
2
Calculate 2 - 3 - (6 - 11).
4
What is the value of -3 - -3 - (10 + (-3 - 2))?
-5
What is the value of 91 - 86 - (2 + -1)?
4
What is the value of -7 + -3 + 0 + 5?
-5
-8 + (-1 + (6 - 5) - -1)
-7
Evaluate -1 + 3 + -6 + 3 + 3.
2
What is (4 + -9 - -2) + 7?
4
6 - (1 + -2 + 5 + 5)
-3
Calculate (-2 - 0) + (1 - -1) - 3.
-3
Evaluate (5 + -6 + -5 - -2) + 3.
-1
Evaluate (-2 - -1 - -2) + (1 - -1).
3
Calculate -6 - ((-3 - -3) + -5).
-1
What is -1 + 3 - (-19 - -18)?
3
Calculate (8 - -1) + -35 + 29.
3
What is 2 + 3 + -6 + 14 + -6?
7
Evaluate -2 + 1 + -2 + 11 + -4.
4
Evaluate 11 + -12 - (4 - 2).
-3
What is the value of 0 - (-4 - (4 + -6))?
2
What is the value of -7 + 3 + 9 - 0?
5
Calculate 4 + (-6 - -7) + -4.
1
What is (2 - -8) + 9 + -19?
0
-1 - (-1 - 5) - 4 - 6
-5
9 - 6 - (-1 + 0)
4
What is -2 - (10 + -9 + 0)?
-3
Calculate (93 - 89) + (-7 - -2).
-1
-21 - -30 - (-4 - -13)
0
Evaluate -5 - -11 - (9 - 0).
-3
Evaluate -1 + 1 + (5 - 2).
3
Calculate -13 + 10 - (1 + 1).
-5
Evaluate 5 - (-4 + 11 + (-1 - 3)).
2
Evaluate 0 + -2 + -2 + (-15 - -17).
-2
Evaluate (3 - 5) + 1 + 0 + -8.
-9
Calculate 2 + (6 - (2 + 2)).
4
Evaluate 1 - 8 - (18 + -19).
-6
Evaluate 17 - 16 - (10 - 2).
-7
What is -9 + (-7 - (6 - 23))?
1
What is (-4 - 0) + (5 - 15 - -7)?
-7
What is 1 - (-1 - 3) - (17 + -18)?
6
-4 - ((1 - -4) + -4)
-5
What is (-13 - (3 + -5)) + 6?
-5
What is 1 + -14 + 8 - (3 + -7)?
-1
Evaluate 1 - (-13 + 7 + 5).
2
What is the value of (3 - 9) + 2 - -2?
-2
What is 2 - (3 + 2 - 0)?
-3
What is the value of 2 + -2 + (2 - (4 + -1))?
-1
-1 + -4 - (-8 + 3)
0
Evaluate 1 + -2 - (-18 - -16).
1
Calculate -3 + (-1 - (-6 + 1)) + -1.
0
Calculate 5 + 8 + -2 + (0 - 10).
1
(3 - -3) + -2 + (1 - 1)
4
What is the value of (1 - 3) + (0 - 1)?
-3
What is -2 + 1 + -2 + 15 + -14?
-2
Evaluate -3 + 5 + 6 + -3 + -6.
-1
Evaluate 12 + -9 + 3 + -4 + 3.
5
3 + 3 + (-4 - 0)
2
What is the value of -31 + 27 - (-1 + 1)?
-4
Evaluate -2 - (4 + -8 + 6).
-4
What is (-5 - -6) + -5 + 4?
0
What is the value of 2 + 9 + -43 + 35?
3
What is the value of (0 - -3) + -16 + (-15 - -34)?
6
What is the value of -4 + 3 - (0 - 3)?
2
(4 + -2 - (-1 + 3)) + -5
-5
What is -1 + 3 + -5 + 4?
1
What is the value of 1 + -2 + (-3 - -7) + -4?
-1
Calculate (-8 + 7 - -3) + (-1 - -3).
4
What is 7 - 7 - (1 + -4)?
3
What is the value of 12 - 24 - (1 + -10)?
-3
What is -5 + (-3 - (-11 - 0))?
3
What is (-5 - -11) + -8 + -3?
-5
2 + 1 + 10 - (2 + 4)
7
Evaluate 2 - (-2 + 1 + -2).
5
What is the value of -1 + (-3 - -4) + (7 - 8)?
-1
What is -2 + (0 - ((2 - 5) + 1))?
0
(5 - (-6 + 7)) + 0
4
Calculate -1 + -4 + (11 - 3).
3
What is (3 - 5) + -1 - -4?
1
(-6 - -10) + -3 + 3 + -4
0
(-2 - (-1 + 3)) + (3 - 0)
-1
Calculate 5 + (2 + -6 - 5).
-4
What is the value of 0 + 3 - (6 - 1)?
-2
Evaluate 1 + -7 - -6